). Let l(s) = -11*d(s) + 2*w(s). Give l(-1).
-9
Let c = 70 + -76. Let m(u) = -u**2 - 5*u + 5. What is m(c)?
-1
Let b(u) = 6*u**2 + 4*u - 7. Let w(v) = v**2 + v - 1. Suppose -k - 1 + 2 = 0. Let n(a) = k*b(a) - 5*w(a). Let r = 1 + 3. Calculate n(r).
10
Let o(b) = -195*b**3 + 3 - 196*b**3 + 3*b + 389*b**3. Determine o(-2).
13
Let m be (-2)/2*0/(-2). Let c(z) = z**2 - z - 4. Let u be c(m). Let d(p) be the first derivative of -p**2/2 - 3*p - 180. What is d(u)?
1
Let r(n) = 2*n + 9. Let z(v) = 4*v + 6*v - 13*v + 4*v + 1. Let k(j) = r(j) - 4*z(j). What is k(6)?
-7
Let u(w) = 2*w + 1. Let v = 17 + -15. Let t be u(v). Let d(c) = -2*c - t*c - 2*c + 3*c. Determine d(-1).
6
Suppose 5*n + 22 - 2 = 0. Let x be (-5 + 1 - n)/1. Let c(k) be the second derivative of k**3/6 - 9*k**2/2 + k. Calculate c(x).
-9
Let a be (-1*(-1)/(-2))/(2/(-8)). Let d(m) = -4*m**2 + 2. Determine d(a).
-14
Let z(d) = 2*d + 1. Let h(n) = n**2 + 9*n + 6. Let t be h(-7). Let f = -10 - t. What is z(f)?
-3
Let x(b) be the third derivative of b**6/20 + b**5/60 - b**4/24 - b**3/6 + 50*b**2 + 3. Determine x(-1).
-5
Suppose 0 = 45*b - 50*b + 30. Let x(q) = -q**3 + 5*q + 4*q + 3*q**2 - 2*q - b + q**2. Calculate x(5).
4
Let h(y) = 4*y + 2*y + y**2 - 2*y + 4*y - 2. What is h(-10)?
18
Let h(l) be the first derivative of 0*l - 1/2*l**2 + 23/3*l**3 + 6. What is h(1)?
22
Let i(q) = 7 - 9*q**2 + 4381*q - q**3 - 8779*q + 4386*q. Calculate i(-7).
-7
Let z(w) = -w**2 + 3*w - 1. Let f(d) = -d**3 + 9*d**2 + 6*d + 43. Let s be f(10). Calculate z(s).
-1
Let p(u) = -u + 4. Let g be p(-4). Let z(j) = -g + 3 + j + 11. Give z(-3).
3
Let r(n) = -11*n + 36. Let k(m) = -12*m + 41. Let o(j) = -6*k(j) + 7*r(j). Let t = 5 + -1. Calculate o(t).
-14
Let s(t) = 5*t**2 - 6*t + 1. Let u(r) = r**2. Let l(j) = -s(j) + 2*u(j). Determine l(3).
-10
Let i = -56 - -137. Let l = -75 + i. Let a(p) = -2*p + 8. Determine a(l).
-4
Let v(a) be the second derivative of 0 - 6*a + 1/6*a**3 - 17/2*a**2. Calculate v(9).
-8
Suppose -5*j = 0, 0 = -3*b - 4*j + 2 - 14. Let i(w) = 12838*w**2 - 6423*w**2 - 5 - 6414*w**2. What is i(b)?
11
Let m(b) = -b**2 + 4*b + 5. Let y(x) = -x**3 - 21*x**2 - x - 25. Let p be y(-21). Give m(p).
-27
Let g be (-6)/((-9)/3)*2. Let j(k) be the second derivative of -k**3/6 - 9*k. Let f(u) = -u**2 + 7*u - 3. Let y(o) = -f(o) - j(o). Determine y(g).
-5
Let s(u) be the second derivative of u**4/12 + 8*u**3/3 + 7*u**2/2 - 2*u. Let w be s(-16). Let x(r) = 6*r + 0*r + 1 - w*r. Determine x(-6).
7
Let i be ((-54)/12 + 5)/((-2)/(-8)). Let f(p) = -4*p + 2 - 5*p - p**i + 8*p. Calculate f(0).
2
Let k(o) = -o**3 + 54*o**2 - 153*o - 2. Let g be k(51). Let h(q) = -2*q**2 - 6*q - 9. Calculate h(g).
-5
Let x = -10 + 5. Let p(b) be the second derivative of -b**4/12 - 4*b**3/3 - 3*b**2 - 2*b + 740. Determine p(x).
9
Suppose 2*u + 2 = -t - t, -4*t - 5*u - 5 = 0. Suppose -4*x - x - 30 = t. Let m(i) be the second derivative of -i**4/12 - i**3 + i**2/2 + 6*i. Calculate m(x).
1
Let q(t) be the second derivative of 3*t**4/4 + 652*t. Give q(-1).
9
Let h(m) = m**2 + 6*m + 6. Suppose -3*s + 3 = -15. Suppose 2*p + s = 10. Suppose 1 = p*f + 3*r + 7, -f + 4 = 5*r. Give h(f).
6
Let y = 136 - 116. Suppose 0 = -2*h - 3*w + 6*w + 16, 2*h - y = 4*w. Let p(b) = -b**3 + 3*b**2 - 4*b + 2. What is p(h)?
-2
Let d(i) = i**2. Suppose 2*j + 5 = -3*j. Let g(a) = -a**3 - 6*a**2 - 2*a + 3. Let n(b) = j*g(b) - d(b). Calculate n(-3).
9
Suppose s + f = -5, -5 = 3*s + f - 0. Suppose s = -5*n + n + 8. Let t(i) = i - 5 + 3 + n + 3. Give t(-6).
-3
Let u(p) = -2*p**3 + 10*p**2 + p + 5. Let o be u(5). Let y(d) = -2*d + 32. Determine y(o).
12
Let q(n) = n + 6. Suppose -v = -4*w + 16, v = -3*w + w + 14. Determine q(w).
11
Suppose -3*g = 3*p - 12, 0 = -0*g + 2*g - 2. Let s(m) = -m**2 + m**p - 6 - 3*m**2 - 5*m - 5*m**3 + 5*m**3. Let r = 6 + -1. Determine s(r).
-6
Let n(x) = -x + 8. Let j be n(4). Let g(o) = o + j*o - 4*o + 1 + 0*o. Calculate g(-6).
-5
Suppose 2*a - 5 = -3*s, -12*a + 13*a = s. Let w = 0 + -2. Let l be w + 2 + (-1 - a). Let q(v) = v**3 + 6*v**2 + 2*v - 2. What is q(l)?
10
Let b(d) = d - 3. Let m(h) = h**3 - 8*h**2 + 7*h + 5. Suppose 0 = 2*p + 2*p + 24. Let y(n) = n**2 + 6*n + 7. Let i be y(p). Let t be m(i). What is b(t)?
2
Let b(i) = -5*i. Suppose 125*l + 24 = 119*l. Calculate b(l).
20
Let p(s) = s**2 + 3*s - 1. Let n(v) = -v**2 - 12*v + 3. Let h(y) = -n(y) + p(y). Determine h(-8).
4
Let g(k) = k + 1. Let y(c) = -6*c**2 + 10*c + 8. Suppose -5*a + 10 = -3*a - 3*b, -5*a + 15 = -5*b. Let p(s) = a*y(s) + 10*g(s). Give p(2).
26
Let c = -595 - -606. Let d(r) = -r**3 + 10*r**2 + 10*r + 7. What is d(c)?
-4
Let y(a) = a**2 - 10*a. Suppose -2*l = -4*g + 3*g + 3, -21 = -g - 4*l. What is y(g)?
-9
Let v(n) = 2*n**2 + 14*n + 12. Suppose 119 = 60*y + 479. Determine v(y).
0
Let w(q) = q**2 - 5*q + 2. Let z(t) = 3 + 3*t**2 - 5*t + t + 3*t**2 - 2*t**2. Let c be z(1). What is w(c)?
-4
Let g(k) = -7*k + 3. Let r be 34*(-1)/((-1 - -2) + -2). Suppose r*d - 30*d = 12. Give g(d).
-18
Let j(y) = y**2 + 6*y - 6. Suppose 46 = -19*r - 68. Determine j(r).
-6
Let y = 10 + -3. Let z(d) be the third derivative of -d**5/20 + 2*d**4/3 - d**3/6 - 4*d**2. Let q(i) = i**2 - 5*i. Let x(s) = -8*q(s) - 3*z(s). Give x(y).
-4
Let c(l) = 625*l - 7 - 316*l - 310*l. Determine c(-11).
4
Suppose -5 = -i + j, -4*i + 25 = -i + 2*j. Suppose 0 = -4*l + 11*l + i. Let c(m) = -2*m**3. Give c(l).
2
Suppose -2*z + 2*a + 2 = 0, z = 3*a - 2 - 1. Suppose z*h + 19 = k, h - 5*k = -2*h - 35. Let d(u) = u**2 + 8*u + 3. Calculate d(h).
-12
Let q(g) be the third derivative of 1/24*g**4 + 2/3*g**3 + 0*g + 0 - 4*g**2. Let a be q(-5). Let f(r) = r. What is f(a)?
-1
Let c(w) be the third derivative of -w**6/120 + w**5/12 + 5*w**4/24 - w**3/6 + 2*w**2 + 24. Suppose -3*v + 7*v + 5*x = 44, 0 = -v + 3*x - 6. Give c(v).
-7
Let s(k) = -k**2 - 5*k - 5. Suppose -3*o + 2*z = 27, o + 7 + 2 = -3*z. What is s(o)?
-41
Suppose -m - 4 = -0. Let x be (0 + -14)/2 + 3. Let o(w) = -3*w**2 - w - 2. Let i(r) = r**2 + r + 1. Let a(k) = x*i(k) - o(k). Calculate a(m).
-6
Let h(u) be the first derivative of 14 - u + 1/3*u**3 + 5/4*u**4 + 0*u**2. Let g be (-27)/21 + 4/14. Give h(g).
-5
Let g(o) be the first derivative of o**4/12 + o**3 + 7*o**2/2 + 11*o - 12. Let c(i) be the first derivative of g(i). Determine c(-6).
7
Let x be 1606/264 + 2/(-24). Suppose 0 = -4*m - 4*g + 8, -g = 3*m + 2*m - 10. Let q(t) = -6 - 4*t**m + 9*t + 3*t**2 + 1. Determine q(x).
13
Let b(l) = 3*l - 9. Suppose m = 21 + 11. Let q = -26 + m. Determine b(q).
9
Let u(z) = z**2 - 86*z - 1 + 24*z + 2*z**2 + 28*z + 25*z. Calculate u(3).
-1
Let w(b) = -3*b**2 - 2*b**3 - b - 4 + b**3 - 4*b**2. Let j be (-12)/(-102) - 242/34. Calculate w(j).
3
Suppose 0*w - 2*w + 2 = 0. Let x be (w + (-14)/6)*-3. Suppose -5*g + 10 = 4*t, x*t - 4*g + 8 = -0*t. Let k(v) = -v**3 - v - 3. What is k(t)?
-3
Let j(a) = 7*a**2 - 7*a - 5. Let s(v) = -22*v**2 + 20*v + 14. Let h(n) = -17*j(n) - 6*s(n). Let i(k) = k**2 + 7*k + 1. Let m be i(0). What is h(m)?
13
Let f(c) = -4*c**2 + 66*c**3 - 3 - 53*c**3 - 14*c**3 - c. What is f(-3)?
-9
Let n(p) = 11*p - 7. Let t(j) = 20*j - 13. Let w = -94 - -88. Let o(h) = w*t(h) + 11*n(h). What is o(3)?
4
Suppose 25 - 17 = 4*b. Let l(t) = 0 - 12*t**3 - 1 + 5*t**2 - 4*t**b. Let d = 7 + -6. What is l(d)?
-12
Let n(p) be the second derivative of -4*p + 0 + 3/2*p**2 + 1/12*p**4 + p**3. Let r(h) = -h**2 - 8*h - 4. Let x be r(-8). What is n(x)?
-5
Let o(q) = -q + 1. Let s be o(-1). Suppose k = 2 + s. Suppose -2*g = -k*g. Let z(r) = r**3 - 4. Calculate z(g).
-4
Let z(x) = -12*x**3 - 7*x**2 + 11*x - 2. Let b(y) = 6*y**3 + 3*y**2 - 5*y + 1. Let r(m) = 7*b(m) + 3*z(m). Give r(1).
5
Let v be (0 - -2) + -1 - -7. Let x(c) = -11 - 16*c + c**2 + 7*c - c + 3*c. Calculate x(v).
-3
Let a(s) = 3*s + 9. Let w be a(-2). Let i(v) = w*v - 15 + 15 + 2*v**2 - v. Calculate i(2).
12
Let o(s) = -s**3 + 3*s**2 + 2*s - 4. Let h be o(2). Let m(n) = -4*n + 4*n + n**3 - 2 - 2*n + h - n**2. What is m(2)?
2
Let r(s) = -2*s + 9. Let t(c) = 3*c**2 - 4. Let v = 5 - 8. Let u be t(v). Suppose 3*p - 4*i - i = u, 0 = 2*p + 4*i - 8. Give r(p).
-3
Let o(v) = -v**3 + 3*v**2 + 2. Suppose 0 = w - 2 - 7. Suppose -k + 2*k = w. Suppose k*p - 4*p = 15. What is o(p)?
2
Suppose 10*n = -7*n + 34. Let d(s) = -2*s**3 + 3*s - 3. Det